{"id":574,"date":"2021-05-25T13:07:47","date_gmt":"2021-05-25T11:07:47","guid":{"rendered":"https:\/\/hub.hslu.ch\/insuranceinsights\/?page_id=574"},"modified":"2021-05-25T16:19:27","modified_gmt":"2021-05-25T14:19:27","slug":"ifz-versicherungsstudie-2021","status":"publish","type":"page","link":"https:\/\/hub.hslu.ch\/insuranceinsights\/ifz-versicherungsstudie-2021\/","title":{"rendered":"IFZ Versicherungsstudie 2021"},"content":{"rendered":"\n<h2 class=\"wp-block-heading\">Die IFZ Versicherungsstudie 2021 ist fertig und kann bestellt werden.<\/h2>\n\n\n\n<h3 class=\"wp-block-heading\">\u00dcber die Studie<\/h3>\n\n\n\n<p>Massgeblich durch die rasant voranschreitende Digitalisierung getrieben, zeichnet sich ein klarer Trend ab: Ge\u00e4nderte Kundenerwartungen und -anspr\u00fcche lassen die Grenze zwischen einem Markt, in dem Versicherungen verkauft, und einem Markt, in dem Versicherungen aktiv durch Kunden nachgefragt und gekauft werden, mehr und mehr verschwimmen. Vor diesem Hintergrund bieten wir den Lesern der vorliegenden Studie, <strong>einen transparenten und aggregierten \u00dcberblick des Schweizer Direktversicherungsmarkts auf individueller Unternehmensebene<\/strong>. <\/p>\n\n\n\n<p>In&nbsp;Kapitel Eins&nbsp;ziehen wir einen <strong>Vergleich zwischen der gegenw\u00e4rtigen und zuk\u00fcnftigen Ausgestaltung der Vertriebsstruktur<\/strong>. Das&nbsp;zweite Kapitel&nbsp;untersucht verschieden<strong> Aspekte des Kostendrucks mit Fokus auf das Beschaffungswesen<\/strong>. Grundlage hierf\u00fcr bilden Umfrageergebnisse unter 130 Entscheidungstr\u00e4gerinnen und -tr\u00e4gern von 42 Versicherern.<\/p>\n\n\n\n<p>Die&nbsp;Kapitel Drei bis Sieben&nbsp;der Studie setzen sich aus insgesamt f\u00fcnf Fokusbeitr\u00e4gen zusammen. Von diesen konzentrieren sich drei Artikel auf verschiedene Aspekte des Versicherungsvertriebs: <strong>Die Zukunft von Generalagenturen, der Einfluss von Megatrends und die Auswirkungen der digitalen Transformation<\/strong>. In den beiden weiteren Beitr\u00e4gen werden die <strong>Digitalisierung von Gesch\u00e4ftsprozessen und aktuelle Entwicklungen zum Thema Nachhaltigkeit<\/strong> vorgestellt und vertieft diskutiert.<\/p>\n\n\n\n<p>Im&nbsp;achten Kapitel&nbsp;der Studie werden s\u00e4mtliche Versicherer im direkten Schweizer Gesch\u00e4ft einer<strong> faktenbasierten Benchmarking- Analyse<\/strong> unterzogen. Als Grundlage hierf\u00fcr dienen die j\u00fcngsten FINMA-Daten, die auf den Gesch\u00e4ftsberichten 2019 und Berichten \u00fcber die Finanzlage 2019 der einzelnen Gesellschaften beruhen. Anhand ausgew\u00e4hlter KPIs bieten wir einen umfassenden \u00dcberblick der Schweizer Versicherer in den Sparten Leben und Nichtleben und analysieren deren Entwicklung \u00fcber die Zeit. Eine \u00fcber das<strong> Benchmarking hinausgehende vertiefte Analyse der Nichtlebensversicherer<\/strong> findet sich im&nbsp;neunten Kapitel&nbsp;der Studie. F\u00fcr jeden einzelnen Zweig des direkten Schweizer Gesch\u00e4fts werden die Bruttoschadenquoten 2019 der Versicherer berechnet und die profitabelsten Anbieter ermittelt.<\/p>\n\n\n\n<p>Schliesslich konzentriert sich das&nbsp;zehnte Kapitel&nbsp;der Studie auf die <strong>Corporate Governance der Schweizer Versicherer<\/strong>. In der umfassenden Untersuchung beurteilen wir Aspekte wie die Eigent\u00fcmerstruktur oder die Diversit\u00e4t und Entsch\u00e4digungen von Verwaltungsrats- und Gesch\u00e4ftsleitungsmitgliedern. Zu jedem untersuchten Versicherer sind im&nbsp;elften Teil&nbsp;die wichtigsten Informationen in Form eines Factsheets zu finden.<\/p>\n\n\n\n<div style=\"position:relative;padding-top:max(60%,326px);height:0;width:100%\"><iframe allowfullscreen=\"true\" style=\"position:absolute;border:none;width:100%;height:100%;left:0;right:0;top:0;bottom:0;\" src=\"https:\/\/e.issuu.com\/embed.html?d=ifz_versicherungsstudie_2021_kurzversion&#038;u=hslu\"><\/iframe><\/div>\n\n\n\n<p><\/p>\n\n\n\n<h3 class=\"wp-block-heading\">Ganze Studie lesen<\/h3>\n\n\n\n<p>Die Vorschau hat Sie \u00fcberzeugt und sie m\u00f6chten auch die weiteren Kapitel der Studie lesen?<\/p>\n\n\n\n<p>Sie k\u00f6nnen die Studie bequem via <a href=\"&#109;&#x61;&#105;&#x6c;t&#111;&#x3a;&#105;&#x66;z&#x40;h&#115;&#x6c;&#117;&#x2e;c&#x68;\">E-Mail beim IFZ Sekretariat (&#x69;&#102;&#122;&#64;&#x68;&#x73;&#108;u&#x2e;&#x63;&#104;)<\/a> bestellen. Im Anschluss daran erhalten Sie einen Link zur vollst\u00e4ndigen Studie, sowie die Rechnung.<\/p>\n\n\n\n<p>Die Studie kostet CHF 290.- inkl. MwSt..<\/p>\n\n\n\n<h2 class=\"wp-block-heading\">Unsere Partner<\/h2>\n\n\n\n<p>Ein herzliches Dankesch\u00f6n geht an die folgenden Unternehmen und Verb\u00e4nde f\u00fcr die finanzielle Unterst\u00fctzung der Studie (Auflistung in alphabetischer Reihenfolge): adesso Schweiz AG, alabus ag, Avectris AG, BBT Software AG, ChainIQ Group AG, EY Schweiz, Korn Ferry, Microsoft, RVK, Salesforce S\u00e0rl, SIRM, SOBRADO Software AG, ti&amp;m AG, UMB AG.<\/p>\n\n\n\n<p>Dar\u00fcber hinaus m\u00f6chten wir uns namentlich bei Dr. Anup Nastik, Sophie Hundertmark, Dr. Michael Hartmann, Igor Garcia, Dr. Holger Rommel, Monika Josi und Katharina Hesse f\u00fcr die Erstellung der Fokusbeitr\u00e4ge bedanken. Ein ausserordentlicher Dank geb\u00fchrt ferner Sabine Betz und J\u00f6rg Schwanemann, die f\u00fcr Diskussionen und Interpretationen der Ergebnisse jederzeit zur Verf\u00fcgung standen und eine Vielzahl wertvoller Kommentare und Anmerkungen eingebracht haben.<\/p>\n\n\n\n<p><\/p>\n\n\n\n<figure class=\"wp-block-image size-large\"><img loading=\"lazy\" decoding=\"async\" width=\"1024\" height=\"590\" src=\"https:\/\/hub.hslu.ch\/insuranceinsights\/wp-content\/uploads\/sites\/22\/2021\/05\/Bildschirmfoto-2021-05-17-um-15.53.21-1024x590.png\" alt=\"\" class=\"wp-image-516\" srcset=\"https:\/\/hub.hslu.ch\/insuranceinsights\/wp-content\/uploads\/sites\/22\/2021\/05\/Bildschirmfoto-2021-05-17-um-15.53.21-1024x590.png 1024w, https:\/\/hub.hslu.ch\/insuranceinsights\/wp-content\/uploads\/sites\/22\/2021\/05\/Bildschirmfoto-2021-05-17-um-15.53.21-300x173.png 300w, https:\/\/hub.hslu.ch\/insuranceinsights\/wp-content\/uploads\/sites\/22\/2021\/05\/Bildschirmfoto-2021-05-17-um-15.53.21-768x443.png 768w, https:\/\/hub.hslu.ch\/insuranceinsights\/wp-content\/uploads\/sites\/22\/2021\/05\/Bildschirmfoto-2021-05-17-um-15.53.21-1536x886.png 1536w, https:\/\/hub.hslu.ch\/insuranceinsights\/wp-content\/uploads\/sites\/22\/2021\/05\/Bildschirmfoto-2021-05-17-um-15.53.21-928x535.png 928w, https:\/\/hub.hslu.ch\/insuranceinsights\/wp-content\/uploads\/sites\/22\/2021\/05\/Bildschirmfoto-2021-05-17-um-15.53.21.png 1672w\" sizes=\"auto, (max-width: 1024px) 100vw, 1024px\" \/><\/figure>\n\n\n\n<div style=\"height:100px\" aria-hidden=\"true\" class=\"wp-block-spacer\"><\/div>\n\n\n\n<p><\/p>\n\n\n\n<p><\/p>\n","protected":false},"excerpt":{"rendered":"<p>Die IFZ Versicherungsstudie 2021 ist fertig und kann bestellt werden. \u00dcber die Studie Massgeblich durch die rasant voranschreitende Digitalisierung getrieben, zeichnet sich ein klarer Trend ab: Ge\u00e4nderte Kundenerwartungen und -anspr\u00fcche lassen die Grenze zwischen einem Markt, in dem Versicherungen verkauft, und einem Markt, in dem Versicherungen aktiv durch Kunden nachgefragt und gekauft werden, mehr und<\/p>\n","protected":false},"author":116,"featured_media":0,"parent":0,"menu_order":0,"comment_status":"closed","ping_status":"closed","template":"","meta":{"_acf_changed":false,"inline_featured_image":false,"_relevanssi_hide_post":"","_relevanssi_hide_content":"","_relevanssi_pin_for_all":"","_relevanssi_pin_keywords":"","_relevanssi_unpin_keywords":"","_relevanssi_related_keywords":"","_relevanssi_related_include_ids":"","_relevanssi_related_exclude_ids":"","_relevanssi_related_no_append":"","_relevanssi_related_not_related":"","_relevanssi_related_posts":"","_relevanssi_noindex_reason":"","footnotes":"","_links_to":"","_links_to_target":""},"class_list":["post-574","page","type-page","status-publish","hentry"],"acf":[],"yoast_head":"<!-- This site is optimized with the Yoast SEO plugin v27.3 - https:\/\/yoast.com\/product\/yoast-seo-wordpress\/ -->\n<title>IFZ Versicherungsstudie 2021 - IFZ Insurance Insights Blog<\/title>\n<meta name=\"robots\" content=\"index, follow, max-snippet:-1, max-image-preview:large, max-video-preview:-1\" \/>\n<link rel=\"canonical\" href=\"https:\/\/hub.hslu.ch\/insuranceinsights\/ifz-versicherungsstudie-2021\/\" \/>\n<meta property=\"og:locale\" content=\"de_DE\" \/>\n<meta property=\"og:type\" content=\"article\" \/>\n<meta property=\"og:title\" content=\"IFZ Versicherungsstudie 2021 - IFZ Insurance Insights Blog\" \/>\n<meta property=\"og:description\" content=\"Die IFZ Versicherungsstudie 2021 ist fertig und kann bestellt werden. \u00dcber die Studie Massgeblich durch die rasant voranschreitende Digitalisierung getrieben, zeichnet sich ein klarer Trend ab: Ge\u00e4nderte Kundenerwartungen und -anspr\u00fcche lassen die Grenze zwischen einem Markt, in dem Versicherungen verkauft, und einem Markt, in dem Versicherungen aktiv durch Kunden nachgefragt und gekauft werden, mehr und\" \/>\n<meta property=\"og:url\" content=\"https:\/\/hub.hslu.ch\/insuranceinsights\/ifz-versicherungsstudie-2021\/\" \/>\n<meta property=\"og:site_name\" content=\"IFZ Insurance Insights Blog\" \/>\n<meta property=\"article:modified_time\" content=\"2021-05-25T14:19:27+00:00\" \/>\n<meta property=\"og:image\" content=\"https:\/\/hub.hslu.ch\/insuranceinsights\/wp-content\/uploads\/sites\/22\/2021\/05\/Bildschirmfoto-2021-05-17-um-15.53.21-1024x590.png\" \/>\n<meta name=\"twitter:card\" content=\"summary_large_image\" \/>\n<meta name=\"twitter:label1\" content=\"Gesch\u00e4tzte Lesezeit\" \/>\n\t<meta name=\"twitter:data1\" content=\"3\u00a0Minuten\" \/>\n<script type=\"application\/ld+json\" class=\"yoast-schema-graph\">{\"@context\":\"https:\\\/\\\/schema.org\",\"@graph\":[{\"@type\":\"WebPage\",\"@id\":\"https:\\\/\\\/hub.hslu.ch\\\/insuranceinsights\\\/ifz-versicherungsstudie-2021\\\/\",\"url\":\"https:\\\/\\\/hub.hslu.ch\\\/insuranceinsights\\\/ifz-versicherungsstudie-2021\\\/\",\"name\":\"IFZ Versicherungsstudie 2021 - IFZ Insurance Insights Blog\",\"isPartOf\":{\"@id\":\"https:\\\/\\\/hub.hslu.ch\\\/insuranceinsights\\\/#website\"},\"primaryImageOfPage\":{\"@id\":\"https:\\\/\\\/hub.hslu.ch\\\/insuranceinsights\\\/ifz-versicherungsstudie-2021\\\/#primaryimage\"},\"image\":{\"@id\":\"https:\\\/\\\/hub.hslu.ch\\\/insuranceinsights\\\/ifz-versicherungsstudie-2021\\\/#primaryimage\"},\"thumbnailUrl\":\"https:\\\/\\\/hub.hslu.ch\\\/insuranceinsights\\\/wp-content\\\/uploads\\\/sites\\\/22\\\/2021\\\/05\\\/Bildschirmfoto-2021-05-17-um-15.53.21-1024x590.png\",\"datePublished\":\"2021-05-25T11:07:47+00:00\",\"dateModified\":\"2021-05-25T14:19:27+00:00\",\"breadcrumb\":{\"@id\":\"https:\\\/\\\/hub.hslu.ch\\\/insuranceinsights\\\/ifz-versicherungsstudie-2021\\\/#breadcrumb\"},\"inLanguage\":\"de-CH\",\"potentialAction\":[{\"@type\":\"ReadAction\",\"target\":[\"https:\\\/\\\/hub.hslu.ch\\\/insuranceinsights\\\/ifz-versicherungsstudie-2021\\\/\"]}]},{\"@type\":\"ImageObject\",\"inLanguage\":\"de-CH\",\"@id\":\"https:\\\/\\\/hub.hslu.ch\\\/insuranceinsights\\\/ifz-versicherungsstudie-2021\\\/#primaryimage\",\"url\":\"https:\\\/\\\/hub.hslu.ch\\\/insuranceinsights\\\/wp-content\\\/uploads\\\/sites\\\/22\\\/2021\\\/05\\\/Bildschirmfoto-2021-05-17-um-15.53.21.png\",\"contentUrl\":\"https:\\\/\\\/hub.hslu.ch\\\/insuranceinsights\\\/wp-content\\\/uploads\\\/sites\\\/22\\\/2021\\\/05\\\/Bildschirmfoto-2021-05-17-um-15.53.21.png\",\"width\":1672,\"height\":964},{\"@type\":\"BreadcrumbList\",\"@id\":\"https:\\\/\\\/hub.hslu.ch\\\/insuranceinsights\\\/ifz-versicherungsstudie-2021\\\/#breadcrumb\",\"itemListElement\":[{\"@type\":\"ListItem\",\"position\":1,\"name\":\"Home\",\"item\":\"https:\\\/\\\/hub.hslu.ch\\\/insuranceinsights\\\/\"},{\"@type\":\"ListItem\",\"position\":2,\"name\":\"IFZ Versicherungsstudie 2021\"}]},{\"@type\":\"WebSite\",\"@id\":\"https:\\\/\\\/hub.hslu.ch\\\/insuranceinsights\\\/#website\",\"url\":\"https:\\\/\\\/hub.hslu.ch\\\/insuranceinsights\\\/\",\"name\":\"IFZ Insurance Insights Blog\",\"description\":\"News und Trend Spotting aus der Schweizer Assekuranz\",\"potentialAction\":[{\"@type\":\"SearchAction\",\"target\":{\"@type\":\"EntryPoint\",\"urlTemplate\":\"https:\\\/\\\/hub.hslu.ch\\\/insuranceinsights\\\/?s={search_term_string}\"},\"query-input\":{\"@type\":\"PropertyValueSpecification\",\"valueRequired\":true,\"valueName\":\"search_term_string\"}}],\"inLanguage\":\"de-CH\"}]}<\/script>\n<!-- \/ Yoast SEO plugin. -->","yoast_head_json":{"title":"IFZ Versicherungsstudie 2021 - IFZ Insurance Insights Blog","robots":{"index":"index","follow":"follow","max-snippet":"max-snippet:-1","max-image-preview":"max-image-preview:large","max-video-preview":"max-video-preview:-1"},"canonical":"https:\/\/hub.hslu.ch\/insuranceinsights\/ifz-versicherungsstudie-2021\/","og_locale":"de_DE","og_type":"article","og_title":"IFZ Versicherungsstudie 2021 - IFZ Insurance Insights Blog","og_description":"Die IFZ Versicherungsstudie 2021 ist fertig und kann bestellt werden. \u00dcber die Studie Massgeblich durch die rasant voranschreitende Digitalisierung getrieben, zeichnet sich ein klarer Trend ab: Ge\u00e4nderte Kundenerwartungen und -anspr\u00fcche lassen die Grenze zwischen einem Markt, in dem Versicherungen verkauft, und einem Markt, in dem Versicherungen aktiv durch Kunden nachgefragt und gekauft werden, mehr und","og_url":"https:\/\/hub.hslu.ch\/insuranceinsights\/ifz-versicherungsstudie-2021\/","og_site_name":"IFZ Insurance Insights Blog","article_modified_time":"2021-05-25T14:19:27+00:00","og_image":[{"url":"https:\/\/hub.hslu.ch\/insuranceinsights\/wp-content\/uploads\/sites\/22\/2021\/05\/Bildschirmfoto-2021-05-17-um-15.53.21-1024x590.png","type":"","width":"","height":""}],"twitter_card":"summary_large_image","twitter_misc":{"Gesch\u00e4tzte Lesezeit":"3\u00a0Minuten"},"schema":{"@context":"https:\/\/schema.org","@graph":[{"@type":"WebPage","@id":"https:\/\/hub.hslu.ch\/insuranceinsights\/ifz-versicherungsstudie-2021\/","url":"https:\/\/hub.hslu.ch\/insuranceinsights\/ifz-versicherungsstudie-2021\/","name":"IFZ Versicherungsstudie 2021 - IFZ Insurance Insights Blog","isPartOf":{"@id":"https:\/\/hub.hslu.ch\/insuranceinsights\/#website"},"primaryImageOfPage":{"@id":"https:\/\/hub.hslu.ch\/insuranceinsights\/ifz-versicherungsstudie-2021\/#primaryimage"},"image":{"@id":"https:\/\/hub.hslu.ch\/insuranceinsights\/ifz-versicherungsstudie-2021\/#primaryimage"},"thumbnailUrl":"https:\/\/hub.hslu.ch\/insuranceinsights\/wp-content\/uploads\/sites\/22\/2021\/05\/Bildschirmfoto-2021-05-17-um-15.53.21-1024x590.png","datePublished":"2021-05-25T11:07:47+00:00","dateModified":"2021-05-25T14:19:27+00:00","breadcrumb":{"@id":"https:\/\/hub.hslu.ch\/insuranceinsights\/ifz-versicherungsstudie-2021\/#breadcrumb"},"inLanguage":"de-CH","potentialAction":[{"@type":"ReadAction","target":["https:\/\/hub.hslu.ch\/insuranceinsights\/ifz-versicherungsstudie-2021\/"]}]},{"@type":"ImageObject","inLanguage":"de-CH","@id":"https:\/\/hub.hslu.ch\/insuranceinsights\/ifz-versicherungsstudie-2021\/#primaryimage","url":"https:\/\/hub.hslu.ch\/insuranceinsights\/wp-content\/uploads\/sites\/22\/2021\/05\/Bildschirmfoto-2021-05-17-um-15.53.21.png","contentUrl":"https:\/\/hub.hslu.ch\/insuranceinsights\/wp-content\/uploads\/sites\/22\/2021\/05\/Bildschirmfoto-2021-05-17-um-15.53.21.png","width":1672,"height":964},{"@type":"BreadcrumbList","@id":"https:\/\/hub.hslu.ch\/insuranceinsights\/ifz-versicherungsstudie-2021\/#breadcrumb","itemListElement":[{"@type":"ListItem","position":1,"name":"Home","item":"https:\/\/hub.hslu.ch\/insuranceinsights\/"},{"@type":"ListItem","position":2,"name":"IFZ Versicherungsstudie 2021"}]},{"@type":"WebSite","@id":"https:\/\/hub.hslu.ch\/insuranceinsights\/#website","url":"https:\/\/hub.hslu.ch\/insuranceinsights\/","name":"IFZ Insurance Insights Blog","description":"News und Trend Spotting aus der Schweizer Assekuranz","potentialAction":[{"@type":"SearchAction","target":{"@type":"EntryPoint","urlTemplate":"https:\/\/hub.hslu.ch\/insuranceinsights\/?s={search_term_string}"},"query-input":{"@type":"PropertyValueSpecification","valueRequired":true,"valueName":"search_term_string"}}],"inLanguage":"de-CH"}]}},"featured_image_src":null,"featured_image_src_square":null,"_links":{"self":[{"href":"https:\/\/hub.hslu.ch\/insuranceinsights\/wp-json\/wp\/v2\/pages\/574","targetHints":{"allow":["GET"]}}],"collection":[{"href":"https:\/\/hub.hslu.ch\/insuranceinsights\/wp-json\/wp\/v2\/pages"}],"about":[{"href":"https:\/\/hub.hslu.ch\/insuranceinsights\/wp-json\/wp\/v2\/types\/page"}],"author":[{"embeddable":true,"href":"https:\/\/hub.hslu.ch\/insuranceinsights\/wp-json\/wp\/v2\/users\/116"}],"replies":[{"embeddable":true,"href":"https:\/\/hub.hslu.ch\/insuranceinsights\/wp-json\/wp\/v2\/comments?post=574"}],"version-history":[{"count":6,"href":"https:\/\/hub.hslu.ch\/insuranceinsights\/wp-json\/wp\/v2\/pages\/574\/revisions"}],"predecessor-version":[{"id":588,"href":"https:\/\/hub.hslu.ch\/insuranceinsights\/wp-json\/wp\/v2\/pages\/574\/revisions\/588"}],"wp:attachment":[{"href":"https:\/\/hub.hslu.ch\/insuranceinsights\/wp-json\/wp\/v2\/media?parent=574"}],"curies":[{"name":"wp","href":"https:\/\/api.w.org\/{rel}","templated":true}]}}