{"id":19,"date":"2018-05-16T06:37:39","date_gmt":"2018-05-16T04:37:39","guid":{"rendered":"https:\/\/hub.hslu.ch\/management-and-law\/?page_id=19"},"modified":"2020-09-01T15:39:09","modified_gmt":"2020-09-01T13:39:09","slug":"dienstleistung-beratung","status":"publish","type":"page","link":"https:\/\/hub.hslu.ch\/management-and-law\/dienstleistung-beratung\/","title":{"rendered":"Dienstleistung &amp; Beratung"},"content":{"rendered":"\n<p>Unsere spezifischen Dienst- und Beratungsleistungen an der Schnittstelle von Wirtschaft und Recht umfassen z.B. das Einsch\u00e4tzen von unternehmerischen Rechtsrisiken, das Abbilden von rechtlichen Anforderungen in Businessprozessen oder die Analyse von Trends im Kontext rechtlicher und \u00f6konomischer Herausforderungen. Je nach Wunsch und Bed\u00fcrfnissen der Auftraggebenden beziehen wir auch unsere Studierenden in die Bearbeitung von Dienstleistungs- und Beratungsprojekten mit ein.<\/p>\n\n\n\n<p>M\u00f6chten Sie sich n\u00e4her \u00fcber das Dienstleistungs- und Beratungsangebot des Kompetenzzentrums Management and Law informieren?<br>Dann stehen Ihnen&nbsp;<a href=\"&#x6d;a&#x69;&#108;t&#x6f;&#58;&#x63;&#x68;r&#x69;&#115;t&#x6f;&#112;&#x68;&#46;h&#x61;&#117;s&#x65;&#114;&#x40;&#104;s&#x6c;&#117;&#x2e;&#x63;h\">Christoph Hauser<\/a>&nbsp;und&nbsp;<a href=\"m&#97;&#x69;&#x6c;t&#111;&#x3a;&#x69;s&#97;&#x62;&#x65;l&#108;&#x65;&#x2e;o&#101;&#x68;&#x72;i&#64;&#104;&#x73;&#x6c;u&#46;&#x63;&#x68;\" target=\"_blank\" rel=\"noreferrer noopener\">Isabelle Oehri<\/a>&nbsp;sowie die weiteren Expertinnen und Experten des&nbsp;<a href=\"https:\/\/hub.hslu.ch\/management-and-law\/ueber-uns\/\">Teams<\/a>&nbsp;gerne zur Verf\u00fcgung.<br>Wir freuen uns auf Ihre Kontaktnahme.<\/p>\n","protected":false},"excerpt":{"rendered":"<p>Unsere spezifischen Dienst- und Beratungsleistungen an der Schnittstelle von Wirtschaft und Recht umfassen z.B. das Einsch\u00e4tzen von unternehmerischen Rechtsrisiken, das Abbilden von rechtlichen Anforderungen in Businessprozessen oder die Analyse von Trends im Kontext rechtlicher und \u00f6konomischer Herausforderungen. Je nach Wunsch und Bed\u00fcrfnissen der Auftraggebenden beziehen wir auch unsere Studierenden in die Bearbeitung von Dienstleistungs- und<\/p>\n","protected":false},"author":1299,"featured_media":0,"parent":0,"menu_order":0,"comment_status":"closed","ping_status":"closed","template":"","meta":{"_acf_changed":false,"inline_featured_image":false,"_relevanssi_hide_post":"","_relevanssi_hide_content":"","_relevanssi_pin_for_all":"","_relevanssi_pin_keywords":"","_relevanssi_unpin_keywords":"","_relevanssi_related_keywords":"","_relevanssi_related_include_ids":"","_relevanssi_related_exclude_ids":"","_relevanssi_related_no_append":"","_relevanssi_related_not_related":"","_relevanssi_related_posts":"","_relevanssi_noindex_reason":"","footnotes":"","_links_to":"","_links_to_target":""},"class_list":["post-19","page","type-page","status-publish","hentry"],"acf":[],"yoast_head":"<!-- This site is optimized with the Yoast SEO plugin v27.3 - https:\/\/yoast.com\/product\/yoast-seo-wordpress\/ -->\n<title>Dienstleistung &amp; Beratung - Management and Law Blog<\/title>\n<meta name=\"robots\" content=\"index, follow, max-snippet:-1, max-image-preview:large, max-video-preview:-1\" \/>\n<link rel=\"canonical\" href=\"https:\/\/hub.hslu.ch\/management-and-law\/dienstleistung-beratung\/\" \/>\n<meta property=\"og:locale\" content=\"de_DE\" \/>\n<meta property=\"og:type\" content=\"article\" \/>\n<meta property=\"og:title\" content=\"Dienstleistung &amp; Beratung - Management and Law Blog\" \/>\n<meta property=\"og:description\" content=\"Unsere spezifischen Dienst- und Beratungsleistungen an der Schnittstelle von Wirtschaft und Recht umfassen z.B. das Einsch\u00e4tzen von unternehmerischen Rechtsrisiken, das Abbilden von rechtlichen Anforderungen in Businessprozessen oder die Analyse von Trends im Kontext rechtlicher und \u00f6konomischer Herausforderungen. Je nach Wunsch und Bed\u00fcrfnissen der Auftraggebenden beziehen wir auch unsere Studierenden in die Bearbeitung von Dienstleistungs- und\" \/>\n<meta property=\"og:url\" content=\"https:\/\/hub.hslu.ch\/management-and-law\/dienstleistung-beratung\/\" \/>\n<meta property=\"og:site_name\" content=\"Management and Law Blog\" \/>\n<meta property=\"article:modified_time\" content=\"2020-09-01T13:39:09+00:00\" \/>\n<meta name=\"twitter:card\" content=\"summary_large_image\" \/>\n<meta name=\"twitter:label1\" content=\"Gesch\u00e4tzte Lesezeit\" \/>\n\t<meta name=\"twitter:data1\" content=\"1\u00a0Minute\" \/>\n<script type=\"application\/ld+json\" class=\"yoast-schema-graph\">{\"@context\":\"https:\\\/\\\/schema.org\",\"@graph\":[{\"@type\":\"WebPage\",\"@id\":\"https:\\\/\\\/hub.hslu.ch\\\/management-and-law\\\/dienstleistung-beratung\\\/\",\"url\":\"https:\\\/\\\/hub.hslu.ch\\\/management-and-law\\\/dienstleistung-beratung\\\/\",\"name\":\"Dienstleistung &amp; Beratung - Management and Law Blog\",\"isPartOf\":{\"@id\":\"https:\\\/\\\/hub.hslu.ch\\\/management-and-law\\\/#website\"},\"datePublished\":\"2018-05-16T04:37:39+00:00\",\"dateModified\":\"2020-09-01T13:39:09+00:00\",\"breadcrumb\":{\"@id\":\"https:\\\/\\\/hub.hslu.ch\\\/management-and-law\\\/dienstleistung-beratung\\\/#breadcrumb\"},\"inLanguage\":\"de-CH\",\"potentialAction\":[{\"@type\":\"ReadAction\",\"target\":[\"https:\\\/\\\/hub.hslu.ch\\\/management-and-law\\\/dienstleistung-beratung\\\/\"]}]},{\"@type\":\"BreadcrumbList\",\"@id\":\"https:\\\/\\\/hub.hslu.ch\\\/management-and-law\\\/dienstleistung-beratung\\\/#breadcrumb\",\"itemListElement\":[{\"@type\":\"ListItem\",\"position\":1,\"name\":\"Home\",\"item\":\"https:\\\/\\\/hub.hslu.ch\\\/management-and-law\\\/\"},{\"@type\":\"ListItem\",\"position\":2,\"name\":\"Dienstleistung &amp; Beratung\"}]},{\"@type\":\"WebSite\",\"@id\":\"https:\\\/\\\/hub.hslu.ch\\\/management-and-law\\\/#website\",\"url\":\"https:\\\/\\\/hub.hslu.ch\\\/management-and-law\\\/\",\"name\":\"Management and Law Blog\",\"description\":\"Institut f\u00fcr Betriebs- und Regional\u00f6konomie IBR\",\"potentialAction\":[{\"@type\":\"SearchAction\",\"target\":{\"@type\":\"EntryPoint\",\"urlTemplate\":\"https:\\\/\\\/hub.hslu.ch\\\/management-and-law\\\/?s={search_term_string}\"},\"query-input\":{\"@type\":\"PropertyValueSpecification\",\"valueRequired\":true,\"valueName\":\"search_term_string\"}}],\"inLanguage\":\"de-CH\"}]}<\/script>\n<!-- \/ Yoast SEO plugin. -->","yoast_head_json":{"title":"Dienstleistung &amp; Beratung - Management and Law Blog","robots":{"index":"index","follow":"follow","max-snippet":"max-snippet:-1","max-image-preview":"max-image-preview:large","max-video-preview":"max-video-preview:-1"},"canonical":"https:\/\/hub.hslu.ch\/management-and-law\/dienstleistung-beratung\/","og_locale":"de_DE","og_type":"article","og_title":"Dienstleistung &amp; Beratung - Management and Law Blog","og_description":"Unsere spezifischen Dienst- und Beratungsleistungen an der Schnittstelle von Wirtschaft und Recht umfassen z.B. das Einsch\u00e4tzen von unternehmerischen Rechtsrisiken, das Abbilden von rechtlichen Anforderungen in Businessprozessen oder die Analyse von Trends im Kontext rechtlicher und \u00f6konomischer Herausforderungen. Je nach Wunsch und Bed\u00fcrfnissen der Auftraggebenden beziehen wir auch unsere Studierenden in die Bearbeitung von Dienstleistungs- und","og_url":"https:\/\/hub.hslu.ch\/management-and-law\/dienstleistung-beratung\/","og_site_name":"Management and Law Blog","article_modified_time":"2020-09-01T13:39:09+00:00","twitter_card":"summary_large_image","twitter_misc":{"Gesch\u00e4tzte Lesezeit":"1\u00a0Minute"},"schema":{"@context":"https:\/\/schema.org","@graph":[{"@type":"WebPage","@id":"https:\/\/hub.hslu.ch\/management-and-law\/dienstleistung-beratung\/","url":"https:\/\/hub.hslu.ch\/management-and-law\/dienstleistung-beratung\/","name":"Dienstleistung &amp; Beratung - Management and Law Blog","isPartOf":{"@id":"https:\/\/hub.hslu.ch\/management-and-law\/#website"},"datePublished":"2018-05-16T04:37:39+00:00","dateModified":"2020-09-01T13:39:09+00:00","breadcrumb":{"@id":"https:\/\/hub.hslu.ch\/management-and-law\/dienstleistung-beratung\/#breadcrumb"},"inLanguage":"de-CH","potentialAction":[{"@type":"ReadAction","target":["https:\/\/hub.hslu.ch\/management-and-law\/dienstleistung-beratung\/"]}]},{"@type":"BreadcrumbList","@id":"https:\/\/hub.hslu.ch\/management-and-law\/dienstleistung-beratung\/#breadcrumb","itemListElement":[{"@type":"ListItem","position":1,"name":"Home","item":"https:\/\/hub.hslu.ch\/management-and-law\/"},{"@type":"ListItem","position":2,"name":"Dienstleistung &amp; Beratung"}]},{"@type":"WebSite","@id":"https:\/\/hub.hslu.ch\/management-and-law\/#website","url":"https:\/\/hub.hslu.ch\/management-and-law\/","name":"Management and Law Blog","description":"Institut f\u00fcr Betriebs- und Regional\u00f6konomie IBR","potentialAction":[{"@type":"SearchAction","target":{"@type":"EntryPoint","urlTemplate":"https:\/\/hub.hslu.ch\/management-and-law\/?s={search_term_string}"},"query-input":{"@type":"PropertyValueSpecification","valueRequired":true,"valueName":"search_term_string"}}],"inLanguage":"de-CH"}]}},"featured_image_src":null,"featured_image_src_square":null,"_links":{"self":[{"href":"https:\/\/hub.hslu.ch\/management-and-law\/wp-json\/wp\/v2\/pages\/19","targetHints":{"allow":["GET"]}}],"collection":[{"href":"https:\/\/hub.hslu.ch\/management-and-law\/wp-json\/wp\/v2\/pages"}],"about":[{"href":"https:\/\/hub.hslu.ch\/management-and-law\/wp-json\/wp\/v2\/types\/page"}],"author":[{"embeddable":true,"href":"https:\/\/hub.hslu.ch\/management-and-law\/wp-json\/wp\/v2\/users\/1299"}],"replies":[{"embeddable":true,"href":"https:\/\/hub.hslu.ch\/management-and-law\/wp-json\/wp\/v2\/comments?post=19"}],"version-history":[{"count":11,"href":"https:\/\/hub.hslu.ch\/management-and-law\/wp-json\/wp\/v2\/pages\/19\/revisions"}],"predecessor-version":[{"id":2731,"href":"https:\/\/hub.hslu.ch\/management-and-law\/wp-json\/wp\/v2\/pages\/19\/revisions\/2731"}],"wp:attachment":[{"href":"https:\/\/hub.hslu.ch\/management-and-law\/wp-json\/wp\/v2\/media?parent=19"}],"curies":[{"name":"wp","href":"https:\/\/api.w.org\/{rel}","templated":true}]}}