{"id":3902,"date":"2017-07-20T14:12:43","date_gmt":"2017-07-20T12:12:43","guid":{"rendered":"https:\/\/hub.hslu.ch\/smart-up\/?page_id=3902"},"modified":"2020-08-19T20:43:34","modified_gmt":"2020-08-19T18:43:34","slug":"smart-up-satellit-altdorf-daetwyler-stiftung","status":"publish","type":"page","link":"https:\/\/hub.hslu.ch\/smart-up\/smart-up-hubs\/smart-up-satellit-altdorf-daetwyler-stiftung\/","title":{"rendered":"Smart-up Satellit Altdorf &#8211; Working Point"},"content":{"rendered":"\n<p><strong>Leistung Fix Desk<\/strong><\/p>\n\n\n\n<p>Werde aktives Mitglied unserer inspirierenden, lebendigen Community. Entwickle im gegenseitigen Austausch neue Ideen und profitiere auf unbestimmte Zeit von g\u00fcnstigen Kosten mit einem fixen B\u00fcroarbeitsplatz (Fix Desk) in einem Teamb\u00fcro:<\/p>\n\n\n\n<ul class=\"wp-block-list\"><li>Freier Zugang (24\/7)<br>\u2022 M\u00f6blierter B\u00fcroarbeitsplatz<br>\u2022 Pers\u00f6nlicher, abschliessbarer Korpus<br>\u2022 Mitbenutzung des Gemeinschaftsbereichs<br>\u2022 Urner Hahnenburger mit\/ohne Sprudel<br>\u2022 Internetzugang<br>\u2022 Kopierer\/Drucker mit 200 Prints<br>\u2022 20 Heissgetr\u00e4nke<br>\u2022 Nebenkosten wie Reinigung, Strom usw.<br>\u2022 4 Std. Sitzungszimmer (nach Verf\u00fcgbarkeit)<\/li><\/ul>\n\n\n\n<figure class=\"wp-block-gallery columns-3 is-cropped wp-block-gallery-1 is-layout-flex wp-block-gallery-is-layout-flex\"><ul class=\"blocks-gallery-grid\"><li class=\"blocks-gallery-item\"><figure><img loading=\"lazy\" decoding=\"async\" width=\"1024\" height=\"682\" src=\"https:\/\/hub.hslu.ch\/smart-up\/wp-content\/blogs.dir\/578\/files\/sites\/12\/2017\/07\/Retreat_Area-1024x682.jpg\" alt=\"\" data-id=\"3974\" data-full-url=\"https:\/\/hub.hslu.ch\/smart-up\/wp-content\/blogs.dir\/578\/files\/sites\/12\/2017\/07\/Retreat_Area.jpg\" data-link=\"https:\/\/hub.hslu.ch\/smart-up\/smart-up-hubs\/smart-up-satellit-altdorf-daetwyler-stiftung\/retreat_area\/\" class=\"wp-image-3974\" srcset=\"https:\/\/hub.hslu.ch\/smart-up\/wp-content\/blogs.dir\/578\/files\/sites\/12\/2017\/07\/Retreat_Area-1024x682.jpg 1024w, https:\/\/hub.hslu.ch\/smart-up\/wp-content\/blogs.dir\/578\/files\/sites\/12\/2017\/07\/Retreat_Area-300x200.jpg 300w, https:\/\/hub.hslu.ch\/smart-up\/wp-content\/blogs.dir\/578\/files\/sites\/12\/2017\/07\/Retreat_Area-768x511.jpg 768w\" sizes=\"auto, (max-width: 1024px) 100vw, 1024px\" \/><\/figure><\/li><li class=\"blocks-gallery-item\"><figure><img loading=\"lazy\" decoding=\"async\" width=\"1024\" height=\"682\" src=\"https:\/\/hub.hslu.ch\/smart-up\/wp-content\/blogs.dir\/578\/files\/sites\/12\/2017\/07\/Sitzungsraum_8-1024x682.jpg\" alt=\"\" data-id=\"3978\" data-full-url=\"https:\/\/hub.hslu.ch\/smart-up\/wp-content\/blogs.dir\/578\/files\/sites\/12\/2017\/07\/Sitzungsraum_8.jpg\" data-link=\"https:\/\/hub.hslu.ch\/smart-up\/smart-up-hubs\/smart-up-satellit-altdorf-daetwyler-stiftung\/sitzungsraum_8\/\" class=\"wp-image-3978\" srcset=\"https:\/\/hub.hslu.ch\/smart-up\/wp-content\/blogs.dir\/578\/files\/sites\/12\/2017\/07\/Sitzungsraum_8-1024x682.jpg 1024w, https:\/\/hub.hslu.ch\/smart-up\/wp-content\/blogs.dir\/578\/files\/sites\/12\/2017\/07\/Sitzungsraum_8-300x200.jpg 300w, https:\/\/hub.hslu.ch\/smart-up\/wp-content\/blogs.dir\/578\/files\/sites\/12\/2017\/07\/Sitzungsraum_8-768x511.jpg 768w\" sizes=\"auto, (max-width: 1024px) 100vw, 1024px\" \/><\/figure><\/li><li class=\"blocks-gallery-item\"><figure><img loading=\"lazy\" decoding=\"async\" width=\"1024\" height=\"681\" src=\"https:\/\/hub.hslu.ch\/smart-up\/wp-content\/blogs.dir\/578\/files\/sites\/12\/2017\/07\/Empfang-1024x681.jpg\" alt=\"\" data-id=\"3977\" data-full-url=\"https:\/\/hub.hslu.ch\/smart-up\/wp-content\/blogs.dir\/578\/files\/sites\/12\/2017\/07\/Empfang.jpg\" data-link=\"https:\/\/hub.hslu.ch\/smart-up\/smart-up-hubs\/smart-up-satellit-altdorf-daetwyler-stiftung\/empfang\/\" class=\"wp-image-3977\" srcset=\"https:\/\/hub.hslu.ch\/smart-up\/wp-content\/blogs.dir\/578\/files\/sites\/12\/2017\/07\/Empfang-1024x681.jpg 1024w, https:\/\/hub.hslu.ch\/smart-up\/wp-content\/blogs.dir\/578\/files\/sites\/12\/2017\/07\/Empfang-300x200.jpg 300w, https:\/\/hub.hslu.ch\/smart-up\/wp-content\/blogs.dir\/578\/files\/sites\/12\/2017\/07\/Empfang-768x511.jpg 768w\" sizes=\"auto, (max-width: 1024px) 100vw, 1024px\" \/><\/figure><\/li><li class=\"blocks-gallery-item\"><figure><img loading=\"lazy\" decoding=\"async\" width=\"1024\" height=\"682\" src=\"https:\/\/hub.hslu.ch\/smart-up\/wp-content\/blogs.dir\/578\/files\/sites\/12\/2017\/07\/Working_Point-1024x682.jpg\" alt=\"\" data-id=\"3976\" data-full-url=\"https:\/\/hub.hslu.ch\/smart-up\/wp-content\/blogs.dir\/578\/files\/sites\/12\/2017\/07\/Working_Point.jpg\" data-link=\"https:\/\/hub.hslu.ch\/smart-up\/smart-up-hubs\/smart-up-satellit-altdorf-daetwyler-stiftung\/working_point\/\" class=\"wp-image-3976\" srcset=\"https:\/\/hub.hslu.ch\/smart-up\/wp-content\/blogs.dir\/578\/files\/sites\/12\/2017\/07\/Working_Point-1024x682.jpg 1024w, https:\/\/hub.hslu.ch\/smart-up\/wp-content\/blogs.dir\/578\/files\/sites\/12\/2017\/07\/Working_Point-300x200.jpg 300w, https:\/\/hub.hslu.ch\/smart-up\/wp-content\/blogs.dir\/578\/files\/sites\/12\/2017\/07\/Working_Point-768x511.jpg 768w\" sizes=\"auto, (max-width: 1024px) 100vw, 1024px\" \/><\/figure><\/li><\/ul><\/figure>\n\n\n\n<div style=\"height:50px\" aria-hidden=\"true\" class=\"wp-block-spacer\"><\/div>\n\n\n\n<p><strong>Services auf Wunsch (Preis auf Anfrage)<\/strong><\/p>\n\n\n\n<p>Bist du vielleicht zu klein, um eine eigene Administrationsstelle auslasten zu k\u00f6nnen? Oder willst du dich verst\u00e4rkt auf deine Kernkompetenzen konzentrieren k\u00f6nnen? Dann lass uns den Papierkrieg f\u00fcr dich gewinnen. Auf Mandatsbasis erledigen wir Sekretariatsarbeit bis hin zum Jahresabschluss.<\/p>\n\n\n\n<p>Bist du interessiert? Dann melde dich direkt bei <a href=\"&#109;&#x61;&#x69;l&#116;&#x6f;&#x3a;i&#110;&#x66;o&#64;&#x77;&#x6f;r&#107;&#x69;n&#103;&#x70;&#x6f;i&#110;&#x74;&#x2e;&#99;&#x68;\">&#105;&#x6e;&#x66;&#111;&#x40;&#x77;o&#x72;&#x6b;i&#110;&#x67;p&#111;&#x69;n&#116;&#x2e;c&#104;<\/a> oder <a href=\"&#109;&#97;&#x69;l&#116;&#x6f;&#x3a;s&#109;&#x61;&#x72;t&#45;&#x75;&#x70;&#64;&#104;&#x73;&#x6c;u&#46;&#x63;&#x68;\">&#x73;&#109;&#x61;&#x72;t&#x2d;&#117;p&#x40;&#104;s&#x6c;&#117;&#x2e;&#x63;h<\/a>. First come, first served!<\/p>\n","protected":false},"excerpt":{"rendered":"<p>Leistung Fix Desk Werde aktives Mitglied unserer inspirierenden, lebendigen Community. Entwickle im gegenseitigen Austausch neue Ideen und profitiere auf unbestimmte Zeit von g\u00fcnstigen Kosten mit einem fixen B\u00fcroarbeitsplatz (Fix Desk) in einem Teamb\u00fcro: Freier Zugang (24\/7)\u2022 M\u00f6blierter B\u00fcroarbeitsplatz\u2022 Pers\u00f6nlicher, abschliessbarer Korpus\u2022 Mitbenutzung des Gemeinschaftsbereichs\u2022 Urner Hahnenburger mit\/ohne Sprudel\u2022 Internetzugang\u2022 Kopierer\/Drucker mit 200 Prints\u2022 20 Heissgetr\u00e4nke\u2022<\/p>\n","protected":false},"author":3100,"featured_media":0,"parent":1553,"menu_order":0,"comment_status":"closed","ping_status":"closed","template":"","meta":{"_acf_changed":false,"inline_featured_image":false,"_relevanssi_hide_post":"","_relevanssi_hide_content":"","_relevanssi_pin_for_all":"","_relevanssi_pin_keywords":"","_relevanssi_unpin_keywords":"","_relevanssi_related_keywords":"","_relevanssi_related_include_ids":"","_relevanssi_related_exclude_ids":"","_relevanssi_related_no_append":"","_relevanssi_related_not_related":"","_relevanssi_related_posts":"","_relevanssi_noindex_reason":"","footnotes":"","_links_to":"","_links_to_target":""},"class_list":["post-3902","page","type-page","status-publish","hentry"],"acf":[],"yoast_head":"<!-- This site is optimized with the Yoast SEO plugin v27.3 - https:\/\/yoast.com\/product\/yoast-seo-wordpress\/ -->\n<title>Smart-up Satellit Altdorf - Working Point - Smart-up<\/title>\n<meta name=\"description\" content=\"Leistung Fix Desk Werde aktives Mitglied unserer inspirierenden, lebendigen Community. Entwickle im gegenseitigen Austausch neue Ideen und profitiere auf\" \/>\n<meta name=\"robots\" content=\"index, follow, max-snippet:-1, max-image-preview:large, max-video-preview:-1\" \/>\n<link rel=\"canonical\" href=\"https:\/\/hub.hslu.ch\/smart-up\/smart-up-hubs\/smart-up-satellit-altdorf-daetwyler-stiftung\/\" \/>\n<meta property=\"og:locale\" content=\"de_DE\" \/>\n<meta property=\"og:type\" content=\"article\" \/>\n<meta property=\"og:title\" content=\"Smart-up Satellit Altdorf - Working Point - Smart-up\" \/>\n<meta property=\"og:description\" content=\"Leistung Fix Desk Werde aktives Mitglied unserer inspirierenden, lebendigen Community. Entwickle im gegenseitigen Austausch neue Ideen und profitiere auf\" \/>\n<meta property=\"og:url\" content=\"https:\/\/hub.hslu.ch\/smart-up\/smart-up-hubs\/smart-up-satellit-altdorf-daetwyler-stiftung\/\" \/>\n<meta property=\"og:site_name\" content=\"Smart-up\" \/>\n<meta property=\"article:modified_time\" content=\"2020-08-19T18:43:34+00:00\" \/>\n<meta property=\"og:image\" content=\"https:\/\/hub.hslu.ch\/smart-up\/wp-content\/blogs.dir\/578\/files\/sites\/12\/2017\/07\/Retreat_Area-1024x682.jpg\" \/>\n<meta name=\"twitter:card\" content=\"summary_large_image\" \/>\n<meta name=\"twitter:label1\" content=\"Gesch\u00e4tzte Lesezeit\" \/>\n\t<meta name=\"twitter:data1\" content=\"1\u00a0Minute\" \/>\n<script type=\"application\/ld+json\" class=\"yoast-schema-graph\">{\"@context\":\"https:\\\/\\\/schema.org\",\"@graph\":[{\"@type\":\"WebPage\",\"@id\":\"https:\\\/\\\/hub.hslu.ch\\\/smart-up\\\/smart-up-hubs\\\/smart-up-satellit-altdorf-daetwyler-stiftung\\\/\",\"url\":\"https:\\\/\\\/hub.hslu.ch\\\/smart-up\\\/smart-up-hubs\\\/smart-up-satellit-altdorf-daetwyler-stiftung\\\/\",\"name\":\"Smart-up Satellit Altdorf - Working Point - Smart-up\",\"isPartOf\":{\"@id\":\"https:\\\/\\\/hub.hslu.ch\\\/smart-up\\\/#website\"},\"primaryImageOfPage\":{\"@id\":\"https:\\\/\\\/hub.hslu.ch\\\/smart-up\\\/smart-up-hubs\\\/smart-up-satellit-altdorf-daetwyler-stiftung\\\/#primaryimage\"},\"image\":{\"@id\":\"https:\\\/\\\/hub.hslu.ch\\\/smart-up\\\/smart-up-hubs\\\/smart-up-satellit-altdorf-daetwyler-stiftung\\\/#primaryimage\"},\"thumbnailUrl\":\"https:\\\/\\\/hub.hslu.ch\\\/smart-up\\\/wp-content\\\/blogs.dir\\\/578\\\/files\\\/sites\\\/12\\\/2017\\\/07\\\/Retreat_Area-1024x682.jpg\",\"datePublished\":\"2017-07-20T12:12:43+00:00\",\"dateModified\":\"2020-08-19T18:43:34+00:00\",\"description\":\"Leistung Fix Desk Werde aktives Mitglied unserer inspirierenden, lebendigen Community. Entwickle im gegenseitigen Austausch neue Ideen und profitiere auf\",\"breadcrumb\":{\"@id\":\"https:\\\/\\\/hub.hslu.ch\\\/smart-up\\\/smart-up-hubs\\\/smart-up-satellit-altdorf-daetwyler-stiftung\\\/#breadcrumb\"},\"inLanguage\":\"de-CH\",\"potentialAction\":[{\"@type\":\"ReadAction\",\"target\":[\"https:\\\/\\\/hub.hslu.ch\\\/smart-up\\\/smart-up-hubs\\\/smart-up-satellit-altdorf-daetwyler-stiftung\\\/\"]}]},{\"@type\":\"ImageObject\",\"inLanguage\":\"de-CH\",\"@id\":\"https:\\\/\\\/hub.hslu.ch\\\/smart-up\\\/smart-up-hubs\\\/smart-up-satellit-altdorf-daetwyler-stiftung\\\/#primaryimage\",\"url\":\"https:\\\/\\\/hub.hslu.ch\\\/smart-up\\\/wp-content\\\/blogs.dir\\\/578\\\/files\\\/sites\\\/12\\\/2017\\\/07\\\/Retreat_Area.jpg\",\"contentUrl\":\"https:\\\/\\\/hub.hslu.ch\\\/smart-up\\\/wp-content\\\/blogs.dir\\\/578\\\/files\\\/sites\\\/12\\\/2017\\\/07\\\/Retreat_Area.jpg\",\"width\":4928,\"height\":3280},{\"@type\":\"BreadcrumbList\",\"@id\":\"https:\\\/\\\/hub.hslu.ch\\\/smart-up\\\/smart-up-hubs\\\/smart-up-satellit-altdorf-daetwyler-stiftung\\\/#breadcrumb\",\"itemListElement\":[{\"@type\":\"ListItem\",\"position\":1,\"name\":\"Infrastruktur\",\"item\":\"https:\\\/\\\/hub.hslu.ch\\\/smart-up\\\/smart-up-hubs\\\/\"},{\"@type\":\"ListItem\",\"position\":2,\"name\":\"Smart-up Satellit Altdorf &#8211; Working Point\"}]},{\"@type\":\"WebSite\",\"@id\":\"https:\\\/\\\/hub.hslu.ch\\\/smart-up\\\/#website\",\"url\":\"https:\\\/\\\/hub.hslu.ch\\\/smart-up\\\/\",\"name\":\"Smart-up\",\"description\":\"Ideen erfolgreich umsetzen\",\"potentialAction\":[{\"@type\":\"SearchAction\",\"target\":{\"@type\":\"EntryPoint\",\"urlTemplate\":\"https:\\\/\\\/hub.hslu.ch\\\/smart-up\\\/?s={search_term_string}\"},\"query-input\":{\"@type\":\"PropertyValueSpecification\",\"valueRequired\":true,\"valueName\":\"search_term_string\"}}],\"inLanguage\":\"de-CH\"}]}<\/script>\n<!-- \/ Yoast SEO plugin. -->","yoast_head_json":{"title":"Smart-up Satellit Altdorf - Working Point - Smart-up","description":"Leistung Fix Desk Werde aktives Mitglied unserer inspirierenden, lebendigen Community. Entwickle im gegenseitigen Austausch neue Ideen und profitiere auf","robots":{"index":"index","follow":"follow","max-snippet":"max-snippet:-1","max-image-preview":"max-image-preview:large","max-video-preview":"max-video-preview:-1"},"canonical":"https:\/\/hub.hslu.ch\/smart-up\/smart-up-hubs\/smart-up-satellit-altdorf-daetwyler-stiftung\/","og_locale":"de_DE","og_type":"article","og_title":"Smart-up Satellit Altdorf - Working Point - Smart-up","og_description":"Leistung Fix Desk Werde aktives Mitglied unserer inspirierenden, lebendigen Community. Entwickle im gegenseitigen Austausch neue Ideen und profitiere auf","og_url":"https:\/\/hub.hslu.ch\/smart-up\/smart-up-hubs\/smart-up-satellit-altdorf-daetwyler-stiftung\/","og_site_name":"Smart-up","article_modified_time":"2020-08-19T18:43:34+00:00","og_image":[{"url":"https:\/\/hub.hslu.ch\/smart-up\/wp-content\/blogs.dir\/578\/files\/sites\/12\/2017\/07\/Retreat_Area-1024x682.jpg","type":"","width":"","height":""}],"twitter_card":"summary_large_image","twitter_misc":{"Gesch\u00e4tzte Lesezeit":"1\u00a0Minute"},"schema":{"@context":"https:\/\/schema.org","@graph":[{"@type":"WebPage","@id":"https:\/\/hub.hslu.ch\/smart-up\/smart-up-hubs\/smart-up-satellit-altdorf-daetwyler-stiftung\/","url":"https:\/\/hub.hslu.ch\/smart-up\/smart-up-hubs\/smart-up-satellit-altdorf-daetwyler-stiftung\/","name":"Smart-up Satellit Altdorf - Working Point - Smart-up","isPartOf":{"@id":"https:\/\/hub.hslu.ch\/smart-up\/#website"},"primaryImageOfPage":{"@id":"https:\/\/hub.hslu.ch\/smart-up\/smart-up-hubs\/smart-up-satellit-altdorf-daetwyler-stiftung\/#primaryimage"},"image":{"@id":"https:\/\/hub.hslu.ch\/smart-up\/smart-up-hubs\/smart-up-satellit-altdorf-daetwyler-stiftung\/#primaryimage"},"thumbnailUrl":"https:\/\/hub.hslu.ch\/smart-up\/wp-content\/blogs.dir\/578\/files\/sites\/12\/2017\/07\/Retreat_Area-1024x682.jpg","datePublished":"2017-07-20T12:12:43+00:00","dateModified":"2020-08-19T18:43:34+00:00","description":"Leistung Fix Desk Werde aktives Mitglied unserer inspirierenden, lebendigen Community. Entwickle im gegenseitigen Austausch neue Ideen und profitiere auf","breadcrumb":{"@id":"https:\/\/hub.hslu.ch\/smart-up\/smart-up-hubs\/smart-up-satellit-altdorf-daetwyler-stiftung\/#breadcrumb"},"inLanguage":"de-CH","potentialAction":[{"@type":"ReadAction","target":["https:\/\/hub.hslu.ch\/smart-up\/smart-up-hubs\/smart-up-satellit-altdorf-daetwyler-stiftung\/"]}]},{"@type":"ImageObject","inLanguage":"de-CH","@id":"https:\/\/hub.hslu.ch\/smart-up\/smart-up-hubs\/smart-up-satellit-altdorf-daetwyler-stiftung\/#primaryimage","url":"https:\/\/hub.hslu.ch\/smart-up\/wp-content\/blogs.dir\/578\/files\/sites\/12\/2017\/07\/Retreat_Area.jpg","contentUrl":"https:\/\/hub.hslu.ch\/smart-up\/wp-content\/blogs.dir\/578\/files\/sites\/12\/2017\/07\/Retreat_Area.jpg","width":4928,"height":3280},{"@type":"BreadcrumbList","@id":"https:\/\/hub.hslu.ch\/smart-up\/smart-up-hubs\/smart-up-satellit-altdorf-daetwyler-stiftung\/#breadcrumb","itemListElement":[{"@type":"ListItem","position":1,"name":"Infrastruktur","item":"https:\/\/hub.hslu.ch\/smart-up\/smart-up-hubs\/"},{"@type":"ListItem","position":2,"name":"Smart-up Satellit Altdorf &#8211; Working Point"}]},{"@type":"WebSite","@id":"https:\/\/hub.hslu.ch\/smart-up\/#website","url":"https:\/\/hub.hslu.ch\/smart-up\/","name":"Smart-up","description":"Ideen erfolgreich umsetzen","potentialAction":[{"@type":"SearchAction","target":{"@type":"EntryPoint","urlTemplate":"https:\/\/hub.hslu.ch\/smart-up\/?s={search_term_string}"},"query-input":{"@type":"PropertyValueSpecification","valueRequired":true,"valueName":"search_term_string"}}],"inLanguage":"de-CH"}]}},"featured_image_src":null,"featured_image_src_square":null,"_links":{"self":[{"href":"https:\/\/hub.hslu.ch\/smart-up\/wp-json\/wp\/v2\/pages\/3902","targetHints":{"allow":["GET"]}}],"collection":[{"href":"https:\/\/hub.hslu.ch\/smart-up\/wp-json\/wp\/v2\/pages"}],"about":[{"href":"https:\/\/hub.hslu.ch\/smart-up\/wp-json\/wp\/v2\/types\/page"}],"author":[{"embeddable":true,"href":"https:\/\/hub.hslu.ch\/smart-up\/wp-json\/wp\/v2\/users\/3100"}],"replies":[{"embeddable":true,"href":"https:\/\/hub.hslu.ch\/smart-up\/wp-json\/wp\/v2\/comments?post=3902"}],"version-history":[{"count":5,"href":"https:\/\/hub.hslu.ch\/smart-up\/wp-json\/wp\/v2\/pages\/3902\/revisions"}],"predecessor-version":[{"id":6690,"href":"https:\/\/hub.hslu.ch\/smart-up\/wp-json\/wp\/v2\/pages\/3902\/revisions\/6690"}],"up":[{"embeddable":true,"href":"https:\/\/hub.hslu.ch\/smart-up\/wp-json\/wp\/v2\/pages\/1553"}],"wp:attachment":[{"href":"https:\/\/hub.hslu.ch\/smart-up\/wp-json\/wp\/v2\/media?parent=3902"}],"curies":[{"name":"wp","href":"https:\/\/api.w.org\/{rel}","templated":true}]}}