{"id":671,"date":"2014-03-05T14:50:08","date_gmt":"2014-03-05T13:50:08","guid":{"rendered":"https:\/\/blog.hslu.ch\/unternehmertum\/?page_id=671"},"modified":"2015-12-16T14:32:25","modified_gmt":"2015-12-16T13:32:25","slug":"die-studentischen-arbeiten-in-der-gruendergarage","status":"publish","type":"page","link":"https:\/\/hub.hslu.ch\/smart-up\/angebot\/die-studentischen-arbeiten-in-der-gruendergarage\/","title":{"rendered":"Gr\u00fcndergarage: Studentischen Arbeiten"},"content":{"rendered":"<p><b>Schreiben<\/b><b>\u00a0Sie Ihre studentischen Arbeiten zum Thema Ihrer Gr\u00fcndungsidee!<\/b><\/p>\n<p>Jeder Studiengang der Departemente Technik&amp;Architektur, Wirtschaft und Informatik\u00a0kann als Gr\u00fcndergarage genutzt werden. Im Folgenden wird anhand von konkreten Studieng\u00e4ngen beispielhaft illustriert, welche studentischen Arbeiten hierf\u00fcr eingesetzt werden k\u00f6nnen. Zus\u00e4tzlich werden verschiedene Entrepreneurship-Module angeboten &#8211; weitere Infos dazu siehe:<\/p>\n<ul>\n<li><span style=\"color: #e2007a\"> <a style=\"color: #e2007a\" href=\"https:\/\/hub.hslu.ch\/smart-up\/angebot-2\/das-studium-als-gruendergarage\/entrepreneurship-baukasten-wirtschaft\/\" target=\"_blank\">Entrepreneurship Baukasten Wirtschaft<\/a>\u00a0<\/span><\/li>\n<li><span style=\"color: #e2007a\"><a style=\"color: #e2007a\" href=\"https:\/\/hub.hslu.ch\/smart-up\/angebot-2\/das-studium-als-gruendergarage\/die-studentischen-arbeiten-in-der-gruendergarage\/entrepreneurship-baukasten-ta\/\" target=\"_blank\">Entrepreneurship Baukasten Technik &amp; Architektur<\/a><\/span><\/li>\n<\/ul>\n<p>Studierende, welche die Bachelorarbeit oder den Businessplan\u00a0\u00fcber ihr eigenes Start-up schreiben, erhalten nach dem Einverst\u00e4ndnis durch die Smart-up-Leitung\u00a0die Auftraggebergeb\u00fchr\u00a0von Fr. 800.- durch Smart-up verg\u00fctet: <span style=\"color: #e2007a\"><a style=\"color: #e2007a\" href=\"https:\/\/hub.hslu.ch\/smart-up\/wp-content\/blogs.dir\/578\/files\/sites\/12\/2014\/03\/Gesuch_Auftraggebergeb\u00fchr2.pdf\" target=\"_blank\">Befreiung von der Auftraggebergeb\u00fchr<\/a><\/span><\/p>\n<p>Ebenfalls ist es m\u00f6glich, eine Arbeit zum Themenbereich\u00a0Entrepreneurship zu schreiben, wobei Smart-up Sie gerne unterst\u00fctzt. <span style=\"color: #e2007a\"><a style=\"color: #e2007a\" title=\"Themenvorschl\u00e4ge f\u00fcr Ihre Diplom- oder Projektarbeit\" href=\"https:\/\/hub.hslu.ch\/smart-up\/angebot-2\/das-studium-als-gruendergarage\/die-studentischen-arbeiten-in-der-gruendergarage\/themenvorschlaege-fuer-ihre-diplom-oder-projektarbeit\/\">Hier<\/a> <\/span>geht es zu unseren spannenden Themenvorschl\u00e4gen.<\/p>\n<p><b>Beispiel\u00a0Hochschule Luzern &#8211; Wirtschaft, Bachelor Business Administration:<\/b><\/p>\n<ul>\n<li>Seminararbeit im 1. Studienjahr<\/li>\n<li>Projekt- oder Transferarbeit im 2. Studienjahr<\/li>\n<li>ISA-Module (Blockwochen)\u00a0im 2. Studienjahr<\/li>\n<li>Businessplan im 3. Studienjahr<\/li>\n<li>Bachelorarbeit im 3. Studienjahr<\/li>\n<\/ul>\n<p><b>Beispiel\u00a0Hochschule Luzern &#8211; Technik&amp;Architektur, Bachelor Wirtschaftsingenieur | Innovation:<\/b><\/p>\n<ul>\n<li>ISA-Module (Blockwochen) ab dem 1. Studienjahr<\/li>\n<li>Designprojekt im 2. Studienjahr<\/li>\n<li>Industrieprojekt im 3. Studienjahr<\/li>\n<li>Bachelordiplomarbeit im 3. Studienjahr<\/li>\n<li>Verschiedene Erweiterungs- und Zusatzmodule ab dem 1. Studienjahr<\/li>\n<\/ul>\n<p><b>Weiterbildungsstudieng\u00e4nge: <\/b><\/p>\n<ul>\n<li>Sie erstellen Ihre Projekt- und Diplomarbeiten zum\u00a0Thema Ihrer Gr\u00fcndungsidee.<\/li>\n<\/ul>\n<p>Wichtig: Sie verfolgen Ihr Start-up im Rahmen des Studiums und verfassen z.B. Ihre studentischen Arbeiten dazu? Gem\u00e4ss neuer Studienordnung liegen die <strong>Rechte f\u00fcr die verfassten Arbeiten grunds\u00e4tzlich immer bei dem\/der Verfasser\/in<\/strong>! Die Hochschule hat einzig Verwendungsrechte (d.h. darf dar\u00fcber einen Artikel publizieren o.\u00e4.).<\/p>\n","protected":false},"excerpt":{"rendered":"<p>Schreiben\u00a0Sie Ihre studentischen Arbeiten zum Thema Ihrer Gr\u00fcndungsidee! Jeder Studiengang der Departemente Technik&amp;Architektur, Wirtschaft und Informatik\u00a0kann als Gr\u00fcndergarage genutzt werden. Im Folgenden wird anhand von konkreten Studieng\u00e4ngen beispielhaft illustriert, welche studentischen Arbeiten hierf\u00fcr eingesetzt werden k\u00f6nnen. Zus\u00e4tzlich werden verschiedene Entrepreneurship-Module angeboten &#8211; weitere Infos dazu siehe: Entrepreneurship Baukasten Wirtschaft\u00a0 Entrepreneurship Baukasten Technik &amp; Architektur Studierende,<\/p>\n","protected":false},"author":1844,"featured_media":0,"parent":319,"menu_order":0,"comment_status":"open","ping_status":"open","template":"","meta":{"_acf_changed":false,"inline_featured_image":false,"_relevanssi_hide_post":"","_relevanssi_hide_content":"","_relevanssi_pin_for_all":"","_relevanssi_pin_keywords":"","_relevanssi_unpin_keywords":"","_relevanssi_related_keywords":"","_relevanssi_related_include_ids":"","_relevanssi_related_exclude_ids":"","_relevanssi_related_no_append":"","_relevanssi_related_not_related":"","_relevanssi_related_posts":"10630,10696,10664,10518,10356,10160","_relevanssi_noindex_reason":"","footnotes":"","_links_to":"","_links_to_target":""},"class_list":["post-671","page","type-page","status-publish","hentry"],"acf":[],"yoast_head":"<!-- This site is optimized with the Yoast SEO plugin v27.5 - https:\/\/yoast.com\/product\/yoast-seo-wordpress\/ -->\n<title>Gr\u00fcndergarage: Studentischen Arbeiten - Smart-up<\/title>\n<meta name=\"description\" content=\"Schreiben\u00a0Sie Ihre studentischen Arbeiten zum Thema Ihrer Gr\u00fcndungsidee! Jeder Studiengang der Departemente Technik&amp;Architektur, Wirtschaft und\" \/>\n<meta name=\"robots\" content=\"index, follow, max-snippet:-1, max-image-preview:large, max-video-preview:-1\" \/>\n<link rel=\"canonical\" href=\"https:\/\/hub.hslu.ch\/smart-up\/angebot\/die-studentischen-arbeiten-in-der-gruendergarage\/\" \/>\n<meta property=\"og:locale\" content=\"de_DE\" \/>\n<meta property=\"og:type\" content=\"article\" \/>\n<meta property=\"og:title\" content=\"Gr\u00fcndergarage: Studentischen Arbeiten - Smart-up\" \/>\n<meta property=\"og:description\" content=\"Schreiben\u00a0Sie Ihre studentischen Arbeiten zum Thema Ihrer Gr\u00fcndungsidee! Jeder Studiengang der Departemente Technik&amp;Architektur, Wirtschaft und\" \/>\n<meta property=\"og:url\" content=\"https:\/\/hub.hslu.ch\/smart-up\/angebot\/die-studentischen-arbeiten-in-der-gruendergarage\/\" \/>\n<meta property=\"og:site_name\" content=\"Smart-up\" \/>\n<meta property=\"article:modified_time\" content=\"2015-12-16T13:32:25+00:00\" \/>\n<meta name=\"twitter:card\" content=\"summary_large_image\" \/>\n<meta name=\"twitter:label1\" content=\"Gesch\u00e4tzte Lesezeit\" \/>\n\t<meta name=\"twitter:data1\" content=\"1\u00a0Minute\" \/>\n<script type=\"application\/ld+json\" class=\"yoast-schema-graph\">{\"@context\":\"https:\\\/\\\/schema.org\",\"@graph\":[{\"@type\":\"WebPage\",\"@id\":\"https:\\\/\\\/hub.hslu.ch\\\/smart-up\\\/angebot\\\/die-studentischen-arbeiten-in-der-gruendergarage\\\/\",\"url\":\"https:\\\/\\\/hub.hslu.ch\\\/smart-up\\\/angebot\\\/die-studentischen-arbeiten-in-der-gruendergarage\\\/\",\"name\":\"Gr\u00fcndergarage: Studentischen Arbeiten - Smart-up\",\"isPartOf\":{\"@id\":\"https:\\\/\\\/hub.hslu.ch\\\/smart-up\\\/#website\"},\"datePublished\":\"2014-03-05T13:50:08+00:00\",\"dateModified\":\"2015-12-16T13:32:25+00:00\",\"description\":\"Schreiben\u00a0Sie Ihre studentischen Arbeiten zum Thema Ihrer Gr\u00fcndungsidee! Jeder Studiengang der Departemente Technik&amp;Architektur, Wirtschaft und\",\"breadcrumb\":{\"@id\":\"https:\\\/\\\/hub.hslu.ch\\\/smart-up\\\/angebot\\\/die-studentischen-arbeiten-in-der-gruendergarage\\\/#breadcrumb\"},\"inLanguage\":\"de-CH\",\"potentialAction\":[{\"@type\":\"ReadAction\",\"target\":[\"https:\\\/\\\/hub.hslu.ch\\\/smart-up\\\/angebot\\\/die-studentischen-arbeiten-in-der-gruendergarage\\\/\"]}]},{\"@type\":\"BreadcrumbList\",\"@id\":\"https:\\\/\\\/hub.hslu.ch\\\/smart-up\\\/angebot\\\/die-studentischen-arbeiten-in-der-gruendergarage\\\/#breadcrumb\",\"itemListElement\":[{\"@type\":\"ListItem\",\"position\":1,\"name\":\"Angebot\",\"item\":\"https:\\\/\\\/hub.hslu.ch\\\/smart-up\\\/angebot\\\/\"},{\"@type\":\"ListItem\",\"position\":2,\"name\":\"Gr\u00fcndergarage: Studentischen Arbeiten\"}]},{\"@type\":\"WebSite\",\"@id\":\"https:\\\/\\\/hub.hslu.ch\\\/smart-up\\\/#website\",\"url\":\"https:\\\/\\\/hub.hslu.ch\\\/smart-up\\\/\",\"name\":\"Smart-up\",\"description\":\"Ideen erfolgreich umsetzen\",\"potentialAction\":[{\"@type\":\"SearchAction\",\"target\":{\"@type\":\"EntryPoint\",\"urlTemplate\":\"https:\\\/\\\/hub.hslu.ch\\\/smart-up\\\/?s={search_term_string}\"},\"query-input\":{\"@type\":\"PropertyValueSpecification\",\"valueRequired\":true,\"valueName\":\"search_term_string\"}}],\"inLanguage\":\"de-CH\"}]}<\/script>\n<!-- \/ Yoast SEO plugin. -->","yoast_head_json":{"title":"Gr\u00fcndergarage: Studentischen Arbeiten - Smart-up","description":"Schreiben\u00a0Sie Ihre studentischen Arbeiten zum Thema Ihrer Gr\u00fcndungsidee! Jeder Studiengang der Departemente Technik&amp;Architektur, Wirtschaft und","robots":{"index":"index","follow":"follow","max-snippet":"max-snippet:-1","max-image-preview":"max-image-preview:large","max-video-preview":"max-video-preview:-1"},"canonical":"https:\/\/hub.hslu.ch\/smart-up\/angebot\/die-studentischen-arbeiten-in-der-gruendergarage\/","og_locale":"de_DE","og_type":"article","og_title":"Gr\u00fcndergarage: Studentischen Arbeiten - Smart-up","og_description":"Schreiben\u00a0Sie Ihre studentischen Arbeiten zum Thema Ihrer Gr\u00fcndungsidee! Jeder Studiengang der Departemente Technik&amp;Architektur, Wirtschaft und","og_url":"https:\/\/hub.hslu.ch\/smart-up\/angebot\/die-studentischen-arbeiten-in-der-gruendergarage\/","og_site_name":"Smart-up","article_modified_time":"2015-12-16T13:32:25+00:00","twitter_card":"summary_large_image","twitter_misc":{"Gesch\u00e4tzte Lesezeit":"1\u00a0Minute"},"schema":{"@context":"https:\/\/schema.org","@graph":[{"@type":"WebPage","@id":"https:\/\/hub.hslu.ch\/smart-up\/angebot\/die-studentischen-arbeiten-in-der-gruendergarage\/","url":"https:\/\/hub.hslu.ch\/smart-up\/angebot\/die-studentischen-arbeiten-in-der-gruendergarage\/","name":"Gr\u00fcndergarage: Studentischen Arbeiten - Smart-up","isPartOf":{"@id":"https:\/\/hub.hslu.ch\/smart-up\/#website"},"datePublished":"2014-03-05T13:50:08+00:00","dateModified":"2015-12-16T13:32:25+00:00","description":"Schreiben\u00a0Sie Ihre studentischen Arbeiten zum Thema Ihrer Gr\u00fcndungsidee! Jeder Studiengang der Departemente Technik&amp;Architektur, Wirtschaft und","breadcrumb":{"@id":"https:\/\/hub.hslu.ch\/smart-up\/angebot\/die-studentischen-arbeiten-in-der-gruendergarage\/#breadcrumb"},"inLanguage":"de-CH","potentialAction":[{"@type":"ReadAction","target":["https:\/\/hub.hslu.ch\/smart-up\/angebot\/die-studentischen-arbeiten-in-der-gruendergarage\/"]}]},{"@type":"BreadcrumbList","@id":"https:\/\/hub.hslu.ch\/smart-up\/angebot\/die-studentischen-arbeiten-in-der-gruendergarage\/#breadcrumb","itemListElement":[{"@type":"ListItem","position":1,"name":"Angebot","item":"https:\/\/hub.hslu.ch\/smart-up\/angebot\/"},{"@type":"ListItem","position":2,"name":"Gr\u00fcndergarage: Studentischen Arbeiten"}]},{"@type":"WebSite","@id":"https:\/\/hub.hslu.ch\/smart-up\/#website","url":"https:\/\/hub.hslu.ch\/smart-up\/","name":"Smart-up","description":"Ideen erfolgreich umsetzen","potentialAction":[{"@type":"SearchAction","target":{"@type":"EntryPoint","urlTemplate":"https:\/\/hub.hslu.ch\/smart-up\/?s={search_term_string}"},"query-input":{"@type":"PropertyValueSpecification","valueRequired":true,"valueName":"search_term_string"}}],"inLanguage":"de-CH"}]}},"featured_image_src":null,"featured_image_src_square":null,"_links":{"self":[{"href":"https:\/\/hub.hslu.ch\/smart-up\/wp-json\/wp\/v2\/pages\/671","targetHints":{"allow":["GET"]}}],"collection":[{"href":"https:\/\/hub.hslu.ch\/smart-up\/wp-json\/wp\/v2\/pages"}],"about":[{"href":"https:\/\/hub.hslu.ch\/smart-up\/wp-json\/wp\/v2\/types\/page"}],"author":[{"embeddable":true,"href":"https:\/\/hub.hslu.ch\/smart-up\/wp-json\/wp\/v2\/users\/1844"}],"replies":[{"embeddable":true,"href":"https:\/\/hub.hslu.ch\/smart-up\/wp-json\/wp\/v2\/comments?post=671"}],"version-history":[{"count":6,"href":"https:\/\/hub.hslu.ch\/smart-up\/wp-json\/wp\/v2\/pages\/671\/revisions"}],"predecessor-version":[{"id":2755,"href":"https:\/\/hub.hslu.ch\/smart-up\/wp-json\/wp\/v2\/pages\/671\/revisions\/2755"}],"up":[{"embeddable":true,"href":"https:\/\/hub.hslu.ch\/smart-up\/wp-json\/wp\/v2\/pages\/319"}],"wp:attachment":[{"href":"https:\/\/hub.hslu.ch\/smart-up\/wp-json\/wp\/v2\/media?parent=671"}],"curies":[{"name":"wp","href":"https:\/\/api.w.org\/{rel}","templated":true}]}}