{"version":"1.0","provider_name":"Soziale Arbeit an der Hochschule Luzern","provider_url":"https:\/\/hub.hslu.ch\/soziale-arbeit","title":"Betreuung von Gefl\u00fcchteten: Schulung f\u00fcr Quereinsteigende &#8211; Soziale Arbeit an der Hochschule Luzern","type":"rich","width":600,"height":338,"html":"<blockquote class=\"wp-embedded-content\" data-secret=\"2bn5yLlzn0\"><a href=\"https:\/\/hub.hslu.ch\/soziale-arbeit\/betreuung-von-gefluechteten-schulung-fuer-quereinsteigende\/\">Betreuung von Gefl\u00fcchteten: Schulung f\u00fcr Quereinsteigende<\/a><\/blockquote><iframe sandbox=\"allow-scripts\" security=\"restricted\" src=\"https:\/\/hub.hslu.ch\/soziale-arbeit\/betreuung-von-gefluechteten-schulung-fuer-quereinsteigende\/embed\/#?secret=2bn5yLlzn0\" width=\"600\" height=\"338\" title=\"&#171;Betreuung von Gefl\u00fcchteten: Schulung f\u00fcr Quereinsteigende&#187; &#8211; Soziale Arbeit an der Hochschule Luzern\" data-secret=\"2bn5yLlzn0\" frameborder=\"0\" marginwidth=\"0\" marginheight=\"0\" scrolling=\"no\" class=\"wp-embedded-content\"><\/iframe><script type=\"text\/javascript\">\n\/* <![CDATA[ *\/\n\/*! This file is auto-generated *\/\n!function(d,l){\"use strict\";l.querySelector&&d.addEventListener&&\"undefined\"!=typeof URL&&(d.wp=d.wp||{},d.wp.receiveEmbedMessage||(d.wp.receiveEmbedMessage=function(e){var t=e.data;if((t||t.secret||t.message||t.value)&&!\/[^a-zA-Z0-9]\/.test(t.secret)){for(var s,r,n,a=l.querySelectorAll('iframe[data-secret=\"'+t.secret+'\"]'),o=l.querySelectorAll('blockquote[data-secret=\"'+t.secret+'\"]'),c=new RegExp(\"^https?:$\",\"i\"),i=0;i<o.length;i++)o[i].style.display=\"none\";for(i=0;i<a.length;i++)s=a[i],e.source===s.contentWindow&&(s.removeAttribute(\"style\"),\"height\"===t.message?(1e3<(r=parseInt(t.value,10))?r=1e3:~~r<200&&(r=200),s.height=r):\"link\"===t.message&&(r=new URL(s.getAttribute(\"src\")),n=new URL(t.value),c.test(n.protocol))&&n.host===r.host&&l.activeElement===s&&(d.top.location.href=t.value))}},d.addEventListener(\"message\",d.wp.receiveEmbedMessage,!1),l.addEventListener(\"DOMContentLoaded\",function(){for(var e,t,s=l.querySelectorAll(\"iframe.wp-embedded-content\"),r=0;r<s.length;r++)(t=(e=s[r]).getAttribute(\"data-secret\"))||(t=Math.random().toString(36).substring(2,12),e.src+=\"#?secret=\"+t,e.setAttribute(\"data-secret\",t)),e.contentWindow.postMessage({message:\"ready\",secret:t},\"*\")},!1)))}(window,document);\n\/\/# sourceURL=https:\/\/hub.hslu.ch\/soziale-arbeit\/wp-includes\/js\/wp-embed.min.js\n\/* ]]> *\/\n<\/script>\n","thumbnail_url":"https:\/\/hub.hslu.ch\/soziale-arbeit\/wp-content\/uploads\/sites\/23\/2024\/06\/Schulung-fuer-Quereinsteigende-in-der-Betreuung-von-Gefluechteten-Jugendliche-spielen.jpg","thumbnail_width":1614,"thumbnail_height":907,"description":"Angesichts des Fachkr\u00e4ftemangels in der Sozialp\u00e4dagogik entwickelte die Hochschule Luzern gemeinsam mit der Dienststelle Asyl- und Fl\u00fcchtlingswesen des Kantons Luzern eine Schulung f\u00fcr Betreuungspersonen unbegleiteter minderj\u00e4hriger Asylsuchender. Das im Herbst 2023 erfolgreich umgesetzte Pilotprojekt zielte darauf ab, praxisorientiertes Wissen zu vermitteln und den Kompetenzaufbau im Alltag zu unterst\u00fctzen."}

Betreuung von Geflüchteten: Schulung für Quereinsteigende &#8211; Soziale Arbeit an der Hochschule Luzern

<blockquote class="wp-embedded-content" data-secret="2bn5yLlzn0"><a href="https://hub.hslu.ch/soziale-arbeit/betreuung-von-gefluechteten-schulung-fuer-quereinsteigende/">Betreuung von Geflüchteten: Schulung für Quereinsteigende</a></blockquote><iframe sandbox="allow-scripts" security="restricted" src="https://hub.hslu.ch/soziale-arbeit/betreuung-von-gefluechteten-schulung-fuer-quereinsteigende/embed/#?secret=2bn5yLlzn0" width="600" height="338" title="&#171;Betreuung von Geflüchteten: Schulung für Quereinsteigende&#187; &#8211; Soziale Arbeit an der Hochschule Luzern" data-secret="2bn5yLlzn0" frameborder="0" marginwidth="0" marginheight="0" scrolling="no" class="wp-embedded-content"></iframe><script type="text/javascript">
/* <![CDATA[ */
/*! This file is auto-generated */
!function(d,l){"use strict";l.querySelector&&d.addEventListener&&"undefined"!=typeof URL&&(d.wp=d.wp||{},d.wp.receiveEmbedMessage||(d.wp.receiveEmbedMessage=function(e){var t=e.data;if((t||t.secret||t.message||t.value)&&!/[^a-zA-Z0-9]/.test(t.secret)){for(var s,r,n,a=l.querySelectorAll('iframe[data-secret="'+t.secret+'"]'),o=l.querySelectorAll('blockquote[data-secret="'+t.secret+'"]'),c=new RegExp("^https?:$","i"),i=0;i<o.length;i++)o[i].style.display="none";for(i=0;i<a.length;i++)s=a[i],e.source===s.contentWindow&&(s.removeAttribute("style"),"height"===t.message?(1e3<(r=parseInt(t.value,10))?r=1e3:~~r<200&&(r=200),s.height=r):"link"===t.message&&(r=new URL(s.getAttribute("src")),n=new URL(t.value),c.test(n.protocol))&&n.host===r.host&&l.activeElement===s&&(d.top.location.href=t.value))}},d.addEventListener("message",d.wp.receiveEmbedMessage,!1),l.addEventListener("DOMContentLoaded",function(){for(var e,t,s=l.querySelectorAll("iframe.wp-embedded-content"),r=0;r<s.length;r++)(t=(e=s[r]).getAttribute("data-secret"))||(t=Math.random().toString(36).substring(2,12),e.src+="#?secret="+t,e.setAttribute("data-secret",t)),e.contentWindow.postMessage({message:"ready",secret:t},"*")},!1)))}(window,document);
//# sourceURL=https://hub.hslu.ch/soziale-arbeit/wp-includes/js/wp-embed.min.js
/* ]]> */
</script>

Angesichts des Fachkräftemangels in der Sozialpädagogik entwickelte die Hochschule Luzern gemeinsam mit der Dienststelle Asyl- und Flüchtlingswesen des Kantons Luzern eine Schulung für Betreuungspersonen unbegleiteter minderjähriger Asylsuchender. Das im Herbst 2023 erfolgreich umgesetzte Pilotprojekt zielte darauf ab, praxisorientiertes Wissen zu vermitteln und den Kompetenzaufbau im Alltag zu unterstützen.
