{"version":"1.0","provider_name":"Soziale Arbeit an der Hochschule Luzern","provider_url":"https:\/\/hub.hslu.ch\/soziale-arbeit","title":"Sprachlos &#8211; Soziale Arbeit an der Hochschule Luzern","type":"rich","width":600,"height":338,"html":"<blockquote class=\"wp-embedded-content\" data-secret=\"vChZv3rSIC\"><a href=\"https:\/\/hub.hslu.ch\/soziale-arbeit\/sprachlos\/\">Sprachlos<\/a><\/blockquote><iframe sandbox=\"allow-scripts\" security=\"restricted\" src=\"https:\/\/hub.hslu.ch\/soziale-arbeit\/sprachlos\/embed\/#?secret=vChZv3rSIC\" width=\"600\" height=\"338\" title=\"&#171;Sprachlos&#187; &#8211; Soziale Arbeit an der Hochschule Luzern\" data-secret=\"vChZv3rSIC\" frameborder=\"0\" marginwidth=\"0\" marginheight=\"0\" scrolling=\"no\" class=\"wp-embedded-content\"><\/iframe><script type=\"text\/javascript\">\n\/* <![CDATA[ *\/\n\/*! This file is auto-generated *\/\n!function(d,l){\"use strict\";l.querySelector&&d.addEventListener&&\"undefined\"!=typeof URL&&(d.wp=d.wp||{},d.wp.receiveEmbedMessage||(d.wp.receiveEmbedMessage=function(e){var t=e.data;if((t||t.secret||t.message||t.value)&&!\/[^a-zA-Z0-9]\/.test(t.secret)){for(var s,r,n,a=l.querySelectorAll('iframe[data-secret=\"'+t.secret+'\"]'),o=l.querySelectorAll('blockquote[data-secret=\"'+t.secret+'\"]'),c=new RegExp(\"^https?:$\",\"i\"),i=0;i<o.length;i++)o[i].style.display=\"none\";for(i=0;i<a.length;i++)s=a[i],e.source===s.contentWindow&&(s.removeAttribute(\"style\"),\"height\"===t.message?(1e3<(r=parseInt(t.value,10))?r=1e3:~~r<200&&(r=200),s.height=r):\"link\"===t.message&&(r=new URL(s.getAttribute(\"src\")),n=new URL(t.value),c.test(n.protocol))&&n.host===r.host&&l.activeElement===s&&(d.top.location.href=t.value))}},d.addEventListener(\"message\",d.wp.receiveEmbedMessage,!1),l.addEventListener(\"DOMContentLoaded\",function(){for(var e,t,s=l.querySelectorAll(\"iframe.wp-embedded-content\"),r=0;r<s.length;r++)(t=(e=s[r]).getAttribute(\"data-secret\"))||(t=Math.random().toString(36).substring(2,12),e.src+=\"#?secret=\"+t,e.setAttribute(\"data-secret\",t)),e.contentWindow.postMessage({message:\"ready\",secret:t},\"*\")},!1)))}(window,document);\n\/\/# sourceURL=https:\/\/hub.hslu.ch\/soziale-arbeit\/wp-includes\/js\/wp-embed.min.js\n\/* ]]> *\/\n<\/script>\n","thumbnail_url":"https:\/\/hub.hslu.ch\/soziale-arbeit\/wp-content\/uploads\/sites\/23\/2019\/08\/Noir_702x336.jpg","thumbnail_width":702,"thumbnail_height":336,"description":"\u00abLa Noire de\u2026\u00bb ist meine Filmperle dieses Jahres \u2013 frisch restauriert und am Locarno Film Festival zu sehen. In nur 59 Minuten legt Ousmane Semb\u00e8ne bereits 1966 die koloniale Sprachlosigkeit offen: die der unterdr\u00fcckten Schwarzen Frau ebenso wie jene der weissen Herrschaft, die Humanit\u00e4t durch Faszination am \u201eAnderen\u201c ersetzt. Ein eindr\u00fcckliches Zeitzeugnis, dessen Kritik erschreckend aktuell bleibt."}

«La Noire de…» ist meine Filmperle dieses Jahres – frisch restauriert und am Locarno Film Festival zu sehen. In nur 59 Minuten legt Ousmane Sembène bereits 1966 die koloniale Sprachlosigkeit offen: die der unterdrückten Schwarzen Frau ebenso wie jene der weissen Herrschaft, die Humanität durch Faszination am „Anderen“ ersetzt. Ein eindrückliches Zeitzeugnis, dessen Kritik erschreckend aktuell bleibt.
